(12). Let n(p) = 57*p + 2 - 113*p + l*p. Determine n(4).
-6
Let j = 105 - 114. Let p be (5 - 1) + j/(0 - 3). Let v(s) = -s**3 + 8*s**2 - 9*s + 5. Give v(p).
-9
Let b be -10*(1*-2)/(-4). Let w(p) = -4*p + 6*p + 5 - 1. Give w(b).
-6
Let y(v) = 3*v**2 + 2*v + 4. Let x be y(-2). Suppose -b - b = x. Let m(r) be the first derivative of r**2/2 + r - 1. Calculate m(b).
-5
Let h(r) = -r**3 + 18*r**2 - 3. Suppose -3*y = 155*i - 156*i + 18, -54 = -3*i + y. What is h(i)?
-3
Let w(z) be the second derivative of -z**5/20 - z**4/12 + 5*z**2/2 + 96*z. Calculate w(0).
5
Let p(h) = -2*h + 9*h - 39*h**2 + 38*h**2 + 3. Suppose -2*r + 8 = -4. Determine p(r).
9
Let d(h) = -12 + 1 - 7 - 202*h + 201*h. Determine d(-8).
-10
Let h be 2/1 - 0/(-4). Suppose 0 = -h*l - 4*c - 34, -3*c = 5*l - c + 53. Let i(v) = -v - 6. What is i(l)?
3
Let x(r) = 3 - 4*r - 2*r - 2*r**2 + 2*r. Suppose -3*g + 5*v + 1 = 0, -8 = -5*g + 3*v - v. What is x(g)?
-13
Let n(o) be the first derivative of -o**2/2 + 13*o + 55. Give n(11).
2
Let g = 2301 - 2297. Let z(r) = 2*r**2 - 8*r - 5. Give z(g).
-5
Let k(u) be the first derivative of u**4/24 + u**3/3 - 16*u**2 + 39. Let s(y) be the second derivative of k(y). Give s(-1).
1
Let r(l) = 0 + 8318*l - 8319*l + 3. Determine r(3).
0
Let q(r) be the second derivative of -r**6/360 + 5*r**4/24 - 11*r**3/3 + 30*r. Let u(z) be the second derivative of q(z). Give u(-4).
-11
Suppose -3*u - 3 = 0, -3*u - 18 = -5*r + 15. Suppose -a + r = a. Let d(v) = 2 + v - 2 + a + 1. What is d(-5)?
-1
Let n(d) be the second derivative of d**4/12 + 7*d**3/3 + 9*d**2/2 - 26*d. Calculate n(-13).
-4
Suppose a + 40 = 58. Let x(u) = -4*u - a - 22 + 42. Determine x(5).
-18
Let y(n) be the first derivative of -n**3 + 3*n**2/2 - n - 7. Let c(x) = 3*x. Let a be c(1). Suppose 0 = a*o - 3 - 3. What is y(o)?
-7
Let t(x) = x**3 - 4*x**2 + 4. Let n be (-26)/(-8) + 4/(-16). Suppose -n*m = -32 - 25. Suppose 0*b + m = 4*k + b, -k + 1 = -b. Give t(k).
4
Let z = 87 - 84. Let m(n) = 5 + 0*n - z*n - 3. What is m(-8)?
26
Let j(x) be the third derivative of x**6/120 + x**5/120 + x**4/24 + 49*x**3/6 + 23*x**2. Let k(p) be the first derivative of j(p). Give k(-1).
3
Let a(j) = 3*j**2 + 32*j + 57. Let h be a(-2). Let m(x) = x**2 - 3*x - 11. Give m(h).
-1
Suppose -6 = -2*n - n. Suppose 0 = -3*s - y + 2, -4*s + 0*s - y = -2. Let f(t) = -t - 2*t**2 + 3*t**2 + s*t + 0*t. Calculate f(n).
2
Suppose -21*b = 243 - 96. Let j(d) = d**2 + 11*d + 8. Give j(b).
-20
Let q(h) = h**3 - 6*h**2 - 2*h. Let c = -50 - -55. Suppose -c*g + 30 + 0 = 0. Give q(g).
-12
Let a(i) be the third derivative of -i**4/24 - i**3/6 + 6*i**2. Let u(g) = 2*g**2 - 9*g - 6. Let o(m) = -4*a(m) + u(m). Calculate o(4).
10
Let y(a) = -a**2 - 6. Let v(j) = 3*j**2 - 4*j + 29. Let c(w) = v(w) + 4*y(w). What is c(-5)?
0
Let s(x) be the second derivative of x**2/2 + 2*x. Let f(n) = n + 3. Let l(h) = 2*f(h) - 2*s(h). Let b be (-4 - -2 - -6)*-1. Calculate l(b).
-4
Suppose j + 5 = -t, t = 3*j - t - 10. Let z(r) = r**2 + 5. Give z(j).
5
Suppose -3*u - 1 = n, 0 = -3*u - 3*n - 2*n - 17. Let f(h) = 30*h - 1. Calculate f(u).
29
Let c(m) = -m**2 - 5. Let u = 213 + -208. Determine c(u).
-30
Let h(q) = 4*q + 1. Let y(w) = -7*w - 45. Let u(x) = -3*h(x) - y(x). Calculate u(7).
7
Let o(z) = z**3 + 9*z**2 - 10*z - 3. Let a = 17 + -7. Suppose 3*n + 40 = a. Let m be o(n). Let i(q) = -q**3 - 3*q**2 + 1. Determine i(m).
1
Let n(f) be the first derivative of f**3/6 - f**2 + 5*f + 7. Let y(d) be the first derivative of n(d). Suppose -3*r - 12 = 6. Calculate y(r).
-8
Suppose 0 = 5*w + 35 - 30. Let v(k) = -6*k**3 + 4*k + 4. Let u be v(w). Let c(m) = m**2 - 3*m - 7. Calculate c(u).
11
Suppose -3*r + 12 = -i, 2*i + r - 12 = -2*r. Suppose -h = -3 - i. Let l(z) = -3*z - 5. Let a(p) = -2*p - 2. Let f(v) = h*l(v) - 5*a(v). What is f(7)?
2
Suppose 22 = -9*i + 4. Let w(n) = -13*n - 2. What is w(i)?
24
Let b(q) = -7*q**2 - q - 1. Let p be b(-1). Let g(x) = -x**2 - 7*x - 1. Let c be g(p). Let r(s) be the first derivative of s**2/2 + 11. Determine r(c).
-1
Suppose 45*v - 10*v = 245. Let x(b) = -b**3 + 7*b**2 - b + 16. Determine x(v).
9
Suppose -70 = -405*i + 415*i. Let k(u) = -u**2 - 10*u - 2. Give k(i).
19
Let z be (3 + (-15)/6)*0. Let n = 3 + -6. Let v(f) = f - 13. Let b(t) = t - 14. Let i(d) = n*v(d) + 2*b(d). Determine i(z).
11
Suppose -3 = l - 4. Suppose 3*d = -d + 40. Let c(o) = 11 - 8*o - d - 4*o. Calculate c(l).
-11
Suppose 4*z - 4*r + 24 = 0, 0 = -3*z + 4*r - 3 - 15. Let m be ((-5)/(-10))/(1/10). Let l(t) = 4 - 2*t + t - m. Determine l(z).
5
Let p(b) be the first derivative of b**3/3 - 15*b**2/2 + 11*b - 542. Calculate p(11).
-33
Let o(c) = -5*c - 28. Let p(l) = l - 1. Let i(a) = -o(a) - 2*p(a). Calculate i(-10).
0
Let r(i) = -i - 1. Let y(q) = -q + 8. Let u = 3 + 5. Let g be y(u). Determine r(g).
-1
Suppose 1 - 7 = -3*g. Let w = g + -8. Let i(f) be the third derivative of f**4/24 + 2*f**3/3 - 21*f**2. What is i(w)?
-2
Let x be ((-2)/(-8) + (-5 - -2))*-4. Let z(f) = -x*f**2 - 5 + 84*f + 4*f**2 - f**3 - 84*f. What is z(-7)?
-5
Let v(u) = -u + 2. Suppose 2*x - 2*k - 12 = 0, -5*x = -8*x - k + 18. Calculate v(x).
-4
Let m(j) be the second derivative of j**5/20 + 3*j**4/2 + 2*j**2 - 15*j - 7. What is m(-18)?
4
Let o(y) = 2*y**2 + 5*y - 2. Let j(v) = 5 + 2*v - 5 + 5*v**2 + 7*v - 3. Let p(q) = -3*j(q) + 5*o(q). Let w be 6/(-8) - 1/4. Determine p(w).
-4
Let b(o) be the first derivative of -o**3/3 - 9*o**2/2 - 7*o - 43. Determine b(-7).
7
Let a(w) = w**2 + 3*w - 6. Let k be (2 - -16)/2*(-17 + 2). Let n = -140 - k. Calculate a(n).
4
Let a be 0/(2*(-1)/2). Suppose -2*v + 6 = -a. Let k(g) = 3*g**v - 6 - g**2 + 5*g**3 - 7*g**3 + 0*g**3. Calculate k(0).
-6
Let r = -1 + 4. Let d(f) be the first derivative of 3*f**2/2 - 2*f + 3570. Calculate d(r).
7
Let q(t) be the third derivative of t**5/60 - 11*t**4/24 - t**3/2 - 2*t**2 - t. What is q(11)?
-3
Let n(p) be the third derivative of -p**4/24 + p**3 + 3*p**2 - 11. Determine n(5).
1
Let o(t) = 4*t**3 - 2*t**2 - 10*t - 2. Let j(y) = -3*y**3 + y**2 + 7*y + 2. Let p(f) = -7*j(f) - 5*o(f). Determine p(-3).
-7
Suppose 2*d - 6 = 8. Let y = -44 + 46. Let u(j) = -y + 0 + 3*j - 2*j. Determine u(d).
5
Let w(l) be the second derivative of -l**3/6 + 2*l**2 - 16*l + 9. What is w(6)?
-2
Let r(o) = o - 1. Let h be r(4). Suppose -3*a + 10 = 2*a. Let q(t) = 1 + 0*t - 3*t + t - a*t. Determine q(h).
-11
Let w(t) = 8*t + 7. Let n(f) = -3*f - 3. Let y(j) = -5*n(j) - 2*w(j). Let k be 12/30 + (-7)/5. Determine y(k).
2
Let f(j) = -4*j - 3. Let n(v) = v + 1. Let d be (-1)/6 - (-91)/78. Let b(m) = d*f(m) + 3*n(m). What is b(4)?
-4
Let i(q) = -14*q**3 - 72*q**2 - 14*q - 31. Let k(o) = 5*o**3 + 25*o**2 + 5*o + 10. Let c(s) = -4*i(s) - 11*k(s). Calculate c(-13).
1
Let i(d) be the first derivative of d**2/2 - d - 36. Let u = 45 + -41. What is i(u)?
3
Let a(y) = 7*y**2 - 11*y + 23. Let z(q) = 9*q**2 - 10*q + 25. Let l(p) = -4*a(p) + 3*z(p). What is l(13)?
-4
Let d(c) = -1 - 3 + 1735*c - 1732*c - 10 - 2. Determine d(5).
-1
Let q(d) be the third derivative of d**4/4 + 5*d**3/2 + 493*d**2 - d. Calculate q(-7).
-27
Let z be 10/14 + 4/14. Let r(o) be the first derivative of o + 5/3*o**3 - 1/2*o**2 + 50. Give r(z).
5
Let g(l) = l**2 + 27*l + 2. Let v be g(-27). Let t be (22/55)/(v + (-9)/5). Let a(z) = -z**3 + 3*z**2. Give a(t).
4
Let n(l) be the first derivative of 2*l**3/3 - 2*l**2 + 3*l - 2. Suppose 115*c = 118*c. Suppose 2*a + c*b + 2 = -2*b, 0 = -5*a + 4*b + 22. Calculate n(a).
3
Let r(c) = -3*c**3 - 6 - 5*c + 2*c**3 - 5*c**2 + 0*c**3. Let q be r(-4). Let k(m) be the first derivative of -m**4/4 + 2*m**3/3 - 2*m + 18. Calculate k(q).
14
Let s be 4/14 - 12/(-7). Let l(h) be the second derivative of -3*h**3/2 + h**2 + 1066*h. Calculate l(s).
-16
Let h = -93 + 94. Let u(r) = -27*r**2 - 2*r + 1. Give u(h).
-28
Let c(k) = 2*k**2 + 21*k + 19. Let h be c(-9). Let p(d) = -9*d**2 - 9*d - 5. Let z(i) = -4*i**2 - 5*i - 3. Let u(w) = 3*p(w) - 7*z(w). Calculate u(h).
6
Let g(k) be the second derivative of k**4/8 - k**3 - 15*k**2/2 + 8*k. Let a(z) be the first derivative of g(z). Suppose -5*n = -2*n - 12. Give a(n).
6
Let l(w) = 2*w + 6. Suppose 0 = -68*s + 65*s - 48. Let u(d) = 10*d + 32. Let i(c) = s*l(c) + 3*u(c). Calculate i(1).
-2
Let j be (-3)/(-10 + 1)*0. Let c be (0/(-4))/(1 + j).